e h(-1). Let y(w) = 2*w - 3*w - x*w. Calculate y(r).
-4
Let r(f) be the second derivative of f**4/12 - f**3/3 - f**2/2 + f. Let w be (6/15)/(4/10). Suppose w + 3 = -2*h. What is r(h)?
7
Let z(h) = 7*h**3 - h - 17. Let n(q) = -3*q**3 + 8. Let l(k) = 9*n(k) + 4*z(k). What is l(3)?
19
Let j(s) = 2*s**2 + 1 + 4*s + s**3 - 1 + 2. Suppose 2*d + 0*d - 8 = 0. Let u be d/(-18) - 16/9. Determine j(u).
-6
Let x(t) be the first derivative of -t**3/3 + 3*t**2 - 4*t - 7. Calculate x(6).
-4
Let u(m) be the second derivative of -m**3/6 - 5*m**2/2 + 11*m. What is u(-9)?
4
Let k(s) = -s**2 - 6*s - 4. Let f be k(-4). Suppose 3*a + 3 = f*a. Let i(m) = -1 - m - 2*m**3 + a*m**3 - 1. Give i(2).
4
Let d(r) be the third derivative of r**7/840 - 7*r**6/360 + r**5/15 - 7*r**4/24 + r**3/6 + 3*r**2. Let w(z) be the first derivative of d(z). Give w(6).
5
Let g(u) = u**3 + 2*u**2 + u. Suppose 4*c = -4*y + 56, c + 36 = 3*y + 2*c. Let d = -9 + y. Suppose -j = d*j + 6. Calculate g(j).
-2
Suppose -25*n - 4 = -23*n. Let f(k) = -3*k**2 - 2*k - 2 + 2*k**2 + 3*k**2. Determine f(n).
10
Let y(q) = -q + 2. Let n be y(0). Let t(x) = -5*x + 0 - 3*x + n + 7*x. Determine t(2).
0
Let p(i) = i**2 - 6*i + 1. Let a be p(7). Let b(s) = -s**3 + 8*s**2 - 2*s + 12. What is b(a)?
-4
Let n(u) be the first derivative of -u**2/2 - 2*u + 11. What is n(-4)?
2
Let w(x) = x**2 + 2*x - 4. Let k be 95/(-25) - 2/10. Give w(k).
4
Let h be (3*2/6)/(-1). Let o(i) = i. Let t be o(3). Let r(g) = -2*g + 0*g**3 + 4*g**3 + g**2 - t*g**3 - 1. Determine r(h).
1
Suppose -8*t + 2*d = -5*t - 12, -15 = 5*d. Let v(h) = 4*h - 3. What is v(t)?
5
Let r(g) be the first derivative of g**3/3 - 3*g**2 + 3*g - 19. What is r(6)?
3
Let p be -24 + 1 + (4 - 3). Let u be 245/(-77) - 4/p. Let j(s) = s**2 + 2*s - 3. What is j(u)?
0
Let h be (-2)/6*(0 + -12). Suppose -g + 4 = a - 3, -7 = h*g - 3*a. Let k(u) = -5*u**2 + u**3 - 3*u - 1 + 2*u + 2*u - u**g. Calculate k(6).
5
Let c(y) = 7*y - 3. Let a = 68 + -64. What is c(a)?
25
Let u = 6 + -3. Let b be 3/u*(-10)/2. Let f(r) = r**2 + 7*r + 6. What is f(b)?
-4
Let f = -38 + 67. Suppose -f = -5*n + 1. Let k(q) = q - 1. Give k(n).
5
Let x be 4/(-3) - (-14)/6. Let z(t) = -4*t + 1. Determine z(x).
-3
Let d be -7*((0 - 4) + 3 - -2). Let q(f) = -f - 15. Determine q(d).
-8
Let c(r) = -119*r + 65*r + 61*r. Suppose -h - 1 = -2. Determine c(h).
7
Suppose 0 = -3*j - 5*w + 27, 4*w - 12 = -0*w. Suppose j*d - d - 18 = 0. Let x(a) = 2*a - 8. What is x(d)?
4
Suppose -2*h + 5 = -h. Let i(b) = 4*b + b + 2*b - h*b - 1. Calculate i(-2).
-5
Let w(a) = -a**3 - a**2 + a - 1. Let j(f) = 5*f**3 - 2*f**2 - 11*f + 13. Let q be (-3 - -3) + (-1)/(-1). Let x(y) = q*j(y) + 6*w(y). Calculate x(-7).
-7
Let y(z) be the third derivative of z**6/120 + z**5/60 + z**3/6 - 16*z**2. Determine y(-2).
-3
Let u(g) be the third derivative of -g**6/48 + g**5/120 + g**4/12 + 4*g**2. Let b(d) be the second derivative of u(d). Calculate b(1).
-14
Suppose -s + 5 - 1 = 0. Let d(c) = -c**3 + 3*c**2 + 2*c. Calculate d(s).
-8
Suppose -3*u + 4*c - 24 = -u, -u = c + 3. Let d(j) = 2*j + 9. What is d(u)?
-3
Let x(r) = r**3 - 5*r**2 - 7*r. Let o be (1/3)/((-2)/(-36)). Determine x(o).
-6
Let x(p) = p**3 + 7*p**2 + 7*p + 8. Let n be x(-6). Let u be 2 + 2*(-1)/n. Let o(h) = -7*h**2 - h + 1. Determine o(u).
-7
Let l(k) = k**2 - 9*k + 7. Let y(d) = -3*d**2 + 27*d - 21. Let b(f) = 8*l(f) + 3*y(f). What is b(5)?
13
Let c(m) be the third derivative of m**4/12 + 2*m**3/3 + m**2. Let q(o) = 0 + 5*o - 13*o - 5 + 6*o. Let z(y) = 2*c(y) + 3*q(y). Give z(-6).
5
Let q(v) = -v**3 + 4*v**2 + v - 2. Let m(b) = -6*b**2 + 1. Let u be m(-1). Let l(f) = -f**2 - 7*f - 6. Let j be l(u). Calculate q(j).
2
Let w be 0/((-1)/(-3)*3). Suppose -4*m + 0*m + 4*a + 12 = 0, 3*a = -3*m + 3. Let l(c) = w + m*c - 2 + 4. Determine l(3).
8
Let r(t) = -t + 1. Let z(h) = 20*h**2 + 7*h - 6. Let f(g) = 6*r(g) + z(g). What is f(-1)?
19
Suppose -2*g + 0*c - 2*c - 2 = 0, 4 = 4*g + 2*c. Let r(w) = -3*w - 3. What is r(g)?
-12
Let l = 5 + -3. Let a(t) = t + 0*t**2 + 1 - t**3 - 5*t - 5*t**l. Give a(-4).
1
Let m(s) = 2*s**2 + s - 1. Let d be 2*(-7)/(-4) + (-7)/14. What is m(d)?
20
Let p(o) = -o**2 + o - 1. Let m(x) = 3*x**2 + 2*x - 3. Let b(a) = m(a) - 2*p(a). What is b(1)?
4
Let h = 14 + 2. Let q be (-2)/h - (-188)/(-32). Let c(j) = 2*j + 4. Give c(q).
-8
Let j(r) be the second derivative of -r**4/4 - r**3/3 - r**2 - 29*r - 2. What is j(-2)?
-10
Let p(v) be the third derivative of 1/15*v**5 - v**2 + 1/6*v**4 + 0 + 1/2*v**3 + 1/120*v**6 + 0*v. Let i be (-38)/14 + (-6)/21. What is p(i)?
0
Let s(f) be the first derivative of 5*f**3/3 - f**2 - f - 5. Suppose 2*t = -1 - 1. Calculate s(t).
6
Let w be ((-3 + 3)/(-5))/1. Let c(m) = m + 5. Determine c(w).
5
Let b(q) = -q**3 - 5*q**2 + 3*q + 3. Let l(t) = t**2 + 7*t + 1. Let z be l(-6). What is b(z)?
-12
Let h be (-2*4 + 2)*1. Let f(v) = v**3 + 6*v**2 + 5*v + 11. Let p(u) = u**3 + 6*u**2 + 6*u + 12. Let x(i) = 4*f(i) - 3*p(i). Give x(h).
-4
Let h = 33 - 31. Let i(m) be the first derivative of -6*m - 1/3*m**3 - h*m**2 + 2. Determine i(-4).
-6
Let m be (6/1)/(-2) + 3. Let c(u) = 1 + 2*u**2 + m + u**2 - 2*u**2 - u. Give c(0).
1
Let v(n) = 11*n + 4. Let f(s) = 5*s + 2. Let p(t) = 9*f(t) - 4*v(t). Suppose -o - 26 = -5*u + o, -5*o = 2*u + 7. Let d(m) = m - 4. Let w be d(u). Give p(w).
2
Let s(k) = -k**2 + 6*k - 4. Let i be (-5)/20 - ((-102)/8)/3. Give s(i).
4
Let i(d) = -d**3 + d**2 + d + 11. Let v(n) = -n**3 + n**2 + n + 12. Let m(w) = -6*i(w) + 5*v(w). Determine m(0).
-6
Let a(m) = 2*m**3. Suppose 2*r = 3*r - 1. Let h be a(r). Let v(l) = 9*l**2 - 1 - 4*l**h + 2. What is v(1)?
6
Let k(t) = 6 + 5*t**2 + 5*t - 10*t - 4*t**2. Give k(5).
6
Let l(o) = -o**2 + o. Let r(v) = 6*v**2 - 11*v + 5. Let h(j) = -5*l(j) - r(j). Suppose 0*c + 8 = 2*c. Let u = c + 1. Give h(u).
0
Suppose 5*l + 2 = 4*z, 7 = 5*l - 2*z + z. Let h(b) be the first derivative of -1/3*b**3 - 3*b**l - 4 - b. Determine h(-6).
-1
Let y(i) = 5*i - 4*i - 1 + 2*i + 2*i. What is y(2)?
9
Let v(w) = 8*w**2 - 1. Let m = 0 + 1. Let r be v(m). Let b(z) = z - 7 + r. Calculate b(0).
0
Let n(h) = 2 - 9 - 3*h - 6*h**2 - 3*h - h**2. Let q(r) = -15*r**2 - 13*r - 15. Let m(w) = -13*n(w) + 6*q(w). Give m(2).
5
Let s be -3*-2*2/6. Let o(b) = -1 - b**2 + 2*b + 2*b - 3*b + s. Let n(p) = -p**3 - 10*p**2 + p + 2. Let z(c) = n(c) - 5*o(c). What is z(-4)?
-3
Let s = 14 + -19. Suppose 7*m = 2*m. Let b(a) = -a**3 - 2 + 3*a + 0*a**2 + 0*a**3 - 4*a**2 + m*a**3. Determine b(s).
8
Let j = -4 - -8. Let d be 2/j*(4 + 2). Let b(w) = w**3 - 3*w**2 - w - 4. What is b(d)?
-7
Let y be 2*(-1)/2 + 1. Let q be 0 + (-4 + y)*-1. Let f(p) = -p - 5 + 7 + q. What is f(5)?
1
Let a = 7 + -7. Suppose -3*r = 4*n - a*n - 7, 5*n - 5*r - 35 = 0. Let f(b) = b**2 - 2*b - 4. What is f(n)?
4
Let a(o) = -4*o**2 - 1. Let y = -12 + 15. Let i = y - 2. What is a(i)?
-5
Let c(v) = -v - 4. Let r be c(-5). Let q(i) be the second derivative of 1/6*i**3 + 0*i**4 + 6*i + 0 + 1/5*i**5 - 1/2*i**2. Give q(r).
4
Let q(j) be the second derivative of -j**5/20 + j**4/4 - j**3/3 + j**2/2 - 12*j. Calculate q(2).
1
Let a(t) = 3*t**2 - 1. Let o be a(1). Let u(k) = -k**3 - k**2 + k + 2. Calculate u(o).
-8
Let n = 4 + -1. Suppose f = -3*f - z, -n*z = -4*f + 16. Let y(t) = 2*t**2 - 2*t + 1. Calculate y(f).
1
Let s(a) = 6*a**2 - 9*a + 6. Let j = 3 + 1. Let n(h) = -2*h**2 - 5 + j*h + 4*h - 3*h**2. Let g(l) = 5*n(l) + 4*s(l). Determine g(2).
3
Suppose 15 = -5*j, 5*y - j + 1 - 19 = 0. Suppose y*c + 15 = -2*c. Let m(s) = -5*s. Let a(q) = 4*q + 1. Let g(d) = -4*a(d) - 3*m(d). What is g(c)?
-1
Suppose -8 = 5*n - 18. Let d be (-5)/n*4/(-5). Let u(o) = 3 + o + 0 - d. Calculate u(3).
4
Let j(n) = n. Let u be (-16)/(-9) + (-4)/(-18). Suppose 12 = -u*a + 82. Suppose -8 = 2*w - 0*i - i, 5*w + a = -5*i. Calculate j(w).
-5
Let w be 44/6*9/6. Let g be 6/(-33) + 68/w. Let t(y) = -1 - g*y - 3 - 1 + 6. Calculate t(-1).
7
Let f(a) = a**2 + 8*a + 5. Suppose -4*y + 2*s - 14 = 0, 0*y - 2*s - 10 = 4*y. Let q = y + 12. Let g = 5 - q. Calculate f(g).
-11
Let x(a) = -2*a**3 + 2*a**2 + 2*a + 1. Let p(j) = j**2 + 4*j - 6. Let f be p(-5). What is x(f)?
3
Let b(w) = w**2 + w. Let l be b(-1). Let y = l + 2. Let v(c) = 5*c - 1 + 0*c + 3*c**2 - y - 5*c**2. Calculate v(3).
-6
Let z(r) be the first derivative of r**